{"id":585,"date":"2015-06-10T08:15:48","date_gmt":"2015-06-10T08:15:48","guid":{"rendered":"http:\/\/wydethemes.com\/flora1\/?page_id=585"},"modified":"2024-10-08T10:56:31","modified_gmt":"2024-10-08T08:56:31","slug":"contact-us","status":"publish","type":"page","link":"https:\/\/sodegrave.com\/index.php\/contact-us\/","title":{"rendered":"Contact Us"},"content":{"rendered":"<p>[vc_row padding_size=\u00a0\u00bbl-padding\u00a0\u00bb][vc_column width=\u00a0\u00bb1\/3&Prime;][wyde_info_box title=\u00a0\u00bbAddress\u00a0\u00bb icon_set=\u00a0\u00bbtypicons\u00a0\u00bb icon_typicons=\u00a0\u00bbtypcn typcn-location-outline\u00a0\u00bb icon_size=\u00a0\u00bbmedium\u00a0\u00bb color=\u00a0\u00bb#648a99&Prime;]<a class=\"effilab-hide\" title=\"\" data-effilab-message=\"Afficher l'adresse\" data-effilab-action=\"display_map\"><span class=\"effilab-target \">che du Nid de Verdier , 76400 F\u00e9camp <\/span><\/a>[\/wyde_info_box][\/vc_column][vc_column width=\u00a0\u00bb1\/3&Prime;][wyde_info_box title=\u00a0\u00bbPhone\u00a0\u00bb icon_set=\u00a0\u00bbtypicons\u00a0\u00bb icon_typicons=\u00a0\u00bbtypcn typcn-phone-outline\u00a0\u00bb icon_size=\u00a0\u00bbmedium\u00a0\u00bb color=\u00a0\u00bb#648a99&Prime;]<b>T\u00e9l.<\/b> : 02 35 10 55 63<br \/>\n<b>Mobile<\/b> : <a class=\"effilab-hide\" data-effilab-message=\"Afficher le fax\" data-effilab-action=\"display_phone\"><span class=\"effilab-target \">06 85 06 71 42 &#8211; 06 42 65 47 50<\/span><\/a>[\/wyde_info_box][\/vc_column][vc_column width=\u00a0\u00bb1\/3&Prime;][wyde_info_box title=\u00a0\u00bbE-mail\u00a0\u00bb icon_set=\u00a0\u00bbtypicons\u00a0\u00bb icon_typicons=\u00a0\u00bbtypcn typcn-mail\u00a0\u00bb icon_size=\u00a0\u00bbmedium\u00a0\u00bb color=\u00a0\u00bb#648a99&Prime;]<a class=\"effilab-hide\" data-effilab-message=\"Afficher l'email\" data-effilab-action=\"contact_form\"><span class=\"effilab-target\">sodegrave@orange.fr<\/span><\/a>[\/wyde_info_box][\/vc_column][\/vc_row][vc_row row_style=\u00a0\u00bbfull-width\u00a0\u00bb vertical_align=\u00a0\u00bbmiddle\u00a0\u00bb padding_size=\u00a0\u00bbno-padding\u00a0\u00bb background_color=\u00a0\u00bb#f5f5f5&Prime;][vc_column text_align=\u00a0\u00bbright\u00a0\u00bb width=\u00a0\u00bb1\/2&Prime; css=\u00a0\u00bb.vc_custom_1437131786305{padding-right: 2% !important;padding-left: 2% !important;}\u00a0\u00bb][vc_empty_space height=\u00a0\u00bb80px\u00a0\u00bb]<div role=\"form\" class=\"wpcf7\" id=\"wpcf7-f1453-o1\" lang=\"fr-FR\" dir=\"ltr\">\n<div class=\"screen-reader-response\"><p role=\"status\" aria-live=\"polite\" aria-atomic=\"true\"><\/p> <ul><\/ul><\/div>\n<form action=\"\/index.php\/wp-json\/wp\/v2\/pages\/585#wpcf7-f1453-o1\" method=\"post\" class=\"wpcf7-form init\" novalidate=\"novalidate\" data-status=\"init\">\n<div style=\"display: none;\">\n<input type=\"hidden\" name=\"_wpcf7\" value=\"1453\" \/>\n<input type=\"hidden\" name=\"_wpcf7_version\" value=\"5.4.2\" \/>\n<input type=\"hidden\" name=\"_wpcf7_locale\" value=\"fr_FR\" \/>\n<input type=\"hidden\" name=\"_wpcf7_unit_tag\" value=\"wpcf7-f1453-o1\" \/>\n<input type=\"hidden\" name=\"_wpcf7_container_post\" value=\"0\" \/>\n<input type=\"hidden\" name=\"_wpcf7_posted_data_hash\" value=\"\" \/>\n<input type=\"hidden\" name=\"_wpcf7_recaptcha_response\" value=\"\" \/>\n<\/div>\n<p>Votre nom (obligatoire)<br \/>\n    <span class=\"wpcf7-form-control-wrap your-name\"><input type=\"text\" name=\"your-name\" value=\"\" size=\"40\" class=\"wpcf7-form-control wpcf7-text wpcf7-validates-as-required\" aria-required=\"true\" aria-invalid=\"false\" \/><\/span> <\/p>\n<p>Votre email (obligatoire)<br \/>\n    <span class=\"wpcf7-form-control-wrap your-email\"><input type=\"email\" name=\"your-email\" value=\"\" size=\"40\" class=\"wpcf7-form-control wpcf7-text wpcf7-email wpcf7-validates-as-required wpcf7-validates-as-email\" aria-required=\"true\" aria-invalid=\"false\" \/><\/span> <\/p>\n<p>Sujet<br \/>\n    <span class=\"wpcf7-form-control-wrap your-subject\"><input type=\"text\" name=\"your-subject\" value=\"\" size=\"40\" class=\"wpcf7-form-control wpcf7-text\" aria-invalid=\"false\" \/><\/span> <\/p>\n<p>Votre message<br \/>\n    <span class=\"wpcf7-form-control-wrap your-message\"><textarea name=\"your-message\" cols=\"40\" rows=\"10\" class=\"wpcf7-form-control wpcf7-textarea\" aria-invalid=\"false\"><\/textarea><\/span> <\/p>\n\n<p><input type=\"submit\" value=\"Envoyer\" class=\"wpcf7-form-control wpcf7-submit\" \/><\/p>\n<div class=\"wpcf7-response-output\" aria-hidden=\"true\"><\/div><\/form><\/div>[vc_empty_space height=\u00a0\u00bb80px\u00a0\u00bb][\/vc_column][vc_column padding_size=\u00a0\u00bbno-padding\u00a0\u00bb width=\u00a0\u00bb1\/4&Prime;][vc_single_image image=\u00a0\u00bb1385&Prime; alignment=\u00a0\u00bbcenter\u00a0\u00bb responsive=\u00a0\u00bbtrue\u00a0\u00bb][\/vc_column][vc_column background_color=\u00a0\u00bb#648a99&Prime; width=\u00a0\u00bb1\/4&Prime;][vc_empty_space height=\u00a0\u00bb120px\u00a0\u00bb][vc_custom_heading text=\u00a0\u00bbSodegrave\u00a0\u00bb font_container=\u00a0\u00bbtag:h2|font_size:50px|text_align:left|color:%23333333|line_height:1.1&Prime; google_fonts=\u00a0\u00bbfont_family:Montserrat%3Aregular%2C700|font_style:700%20bold%20regular%3A700%3Anormal\u00a0\u00bb text_transform=\u00a0\u00bbcapitalize\u00a0\u00bb el_class=\u00a0\u00bboverlap-left\u00a0\u00bb animation=\u00a0\u00bbfadeInLeft\u00a0\u00bb][vc_custom_heading text=\u00a0\u00bb\u00e0 votre\u00a0\u00bb font_container=\u00a0\u00bbtag:h2|font_size:50px|text_align:left|color:%23333333|line_height:1.1&Prime; google_fonts=\u00a0\u00bbfont_family:Montserrat%3Aregular%2C700|font_style:700%20bold%20regular%3A700%3Anormal\u00a0\u00bb text_transform=\u00a0\u00bbcapitalize\u00a0\u00bb css=\u00a0\u00bb.vc_custom_1481114758390{margin-top: -15px !important;}\u00a0\u00bb el_class=\u00a0\u00bboverlap-left\u00a0\u00bb animation=\u00a0\u00bbfadeInRight\u00a0\u00bb][vc_custom_heading text=\u00a0\u00bbService\u00a0\u00bb font_container=\u00a0\u00bbtag:p|font_size:20px|text_align:left|color:%230a0a0a|line_height:20px\u00a0\u00bb google_fonts=\u00a0\u00bbfont_family:Noto%20Serif%3Aregular%2Citalic%2C700%2C700italic|font_style:400%20regular%3A400%3Anormal\u00a0\u00bb text_transform=\u00a0\u00bbuppercase\u00a0\u00bb letter_spacing=\u00a0\u00bb3.5px\u00a0\u00bb][vc_column_text css=\u00a0\u00bb.vc_custom_1481133727228{margin-top: -10px !important;}\u00a0\u00bb]Nous nous ferons un plaisir de traiter votre demande dans les plus bref d\u00e9lais et vous remercions de nous avoir contact\u00e9 ![\/vc_column_text][vc_empty_space height=\u00a0\u00bb120px\u00a0\u00bb][\/vc_column][\/vc_row][vc_row][vc_column][vc_empty_space][\/vc_column][\/vc_row][vc_row padding_size=\u00a0\u00bbm-padding\u00a0\u00bb background_color=\u00a0\u00bb#648a99&Prime;][vc_column text_align=\u00a0\u00bbcenter\u00a0\u00bb][vc_custom_heading text=\u00a0\u00bbToute notre \u00e9quipe met son savoir-faire et son exp\u00e9rience au service de ses clients. \u00a0\u00bb font_container=\u00a0\u00bbtag:h2|font_size:40px|text_align:center|color:%23000000|line_height:50px\u00a0\u00bb google_fonts=\u00a0\u00bbfont_family:Montserrat%3Aregular%2C700|font_style:700%20bold%20regular%3A700%3Anormal\u00a0\u00bb text_transform=\u00a0\u00bbnone\u00a0\u00bb animation=\u00a0\u00bbpulse\u00a0\u00bb][\/vc_column][\/vc_row]<\/p>\n","protected":false},"excerpt":{"rendered":"<p>[vc_row padding_size=\u00a0\u00bbl-padding\u00a0\u00bb][vc_column width=\u00a0\u00bb1\/3&Prime;][wyde_info_box title=\u00a0\u00bbAddress\u00a0\u00bb icon_set=\u00a0\u00bbtypicons\u00a0\u00bb icon_typicons=\u00a0\u00bbtypcn typcn-location-outline\u00a0\u00bb icon_size=\u00a0\u00bbmedium\u00a0\u00bb color=\u00a0\u00bb#648a99&Prime;]che du Nid de Verdier , 76400 F\u00e9camp [\/wyde_info_box][\/vc_column][vc_column width=\u00a0\u00bb1\/3&Prime;][wyde_info_box title=\u00a0\u00bbPhone\u00a0\u00bb icon_set=\u00a0\u00bbtypicons\u00a0\u00bb icon_typicons=\u00a0\u00bbtypcn typcn-phone-outline\u00a0\u00bb icon_size=\u00a0\u00bbmedium\u00a0\u00bb color=\u00a0\u00bb#648a99&Prime;]T\u00e9l. : 02 35 10 55 63 Mobile : 06 85 06 71 42 &#8211; 06 42 65 47 50[\/wyde_info_box][\/vc_column][vc_column width=\u00a0\u00bb1\/3&Prime;][wyde_info_box title=\u00a0\u00bbE-mail\u00a0\u00bb icon_set=\u00a0\u00bbtypicons\u00a0\u00bb icon_typicons=\u00a0\u00bbtypcn typcn-mail\u00a0\u00bb icon_size=\u00a0\u00bbmedium\u00a0\u00bb color=\u00a0\u00bb#648a99&Prime;]sodegrave@orange.fr[\/wyde_info_box][\/vc_column][\/vc_row][vc_row row_style=\u00a0\u00bbfull-width\u00a0\u00bb vertical_align=\u00a0\u00bbmiddle\u00a0\u00bb padding_size=\u00a0\u00bbno-padding\u00a0\u00bb background_color=\u00a0\u00bb#f5f5f5&Prime;][vc_column text_align=\u00a0\u00bbright\u00a0\u00bb [&hellip;]<\/p>\n","protected":false},"author":1,"featured_media":0,"parent":0,"menu_order":0,"comment_status":"closed","ping_status":"open","template":"","meta":[],"yoast_head":"<!-- This site is optimized with the Yoast SEO plugin v17.1 - https:\/\/yoast.com\/wordpress\/plugins\/seo\/ -->\n<meta name=\"description\" content=\"Contact Sodegrave. che du Nid de Verdier 76400 F\u00e9camp. T\u00e9l. : 02 35 28 20 78. Fax : 02 35 28 35 01. Mobile : 06 85 06 71 42. Mail : sodegrave@orange.fr ...\" \/>\n<meta name=\"robots\" content=\"index, follow, max-snippet:-1, max-image-preview:large, max-video-preview:-1\" \/>\n<link rel=\"canonical\" href=\"https:\/\/sodegrave.com\/index.php\/contact-us\/\" \/>\n<meta property=\"og:locale\" content=\"fr_FR\" \/>\n<meta property=\"og:type\" content=\"article\" \/>\n<meta property=\"og:title\" content=\"Sodegrave- contactez nous\" \/>\n<meta property=\"og:description\" content=\"Contact Sodegrave. che du Nid de Verdier 76400 F\u00e9camp. T\u00e9l. : 02 35 28 20 78. Fax : 02 35 28 35 01. Mobile : 06 85 06 71 42. Mail : sodegrave@orange.fr ...\" \/>\n<meta property=\"og:url\" content=\"https:\/\/sodegrave.com\/index.php\/contact-us\/\" \/>\n<meta property=\"og:site_name\" content=\"Sodegrave sp\u00e9cialiste des granulats, sables et graviers \u00e0 F\u00e9camp\" \/>\n<meta property=\"article:modified_time\" content=\"2024-10-08T08:56:31+00:00\" \/>\n<meta name=\"twitter:card\" content=\"summary\" \/>\n<meta name=\"twitter:label1\" content=\"Dur\u00e9e de lecture est.\" \/>\n\t<meta name=\"twitter:data1\" content=\"2 minutes\" \/>\n<script type=\"application\/ld+json\" class=\"yoast-schema-graph\">{\"@context\":\"https:\/\/schema.org\",\"@graph\":[{\"@type\":\"WebSite\",\"@id\":\"https:\/\/sodegrave.com\/#website\",\"url\":\"https:\/\/sodegrave.com\/\",\"name\":\"Sodegrave sp\\u00e9cialiste des granulats, sables et graviers \\u00e0 F\\u00e9camp\",\"description\":\"l&#039;entreprise Sodegrave sp\\u00e9cialiste des granulats, sables et graviers \\u00e0 F\\u00e9camp\",\"potentialAction\":[{\"@type\":\"SearchAction\",\"target\":{\"@type\":\"EntryPoint\",\"urlTemplate\":\"https:\/\/sodegrave.com\/?s={search_term_string}\"},\"query-input\":\"required name=search_term_string\"}],\"inLanguage\":\"fr-FR\"},{\"@type\":\"WebPage\",\"@id\":\"https:\/\/sodegrave.com\/index.php\/contact-us\/#webpage\",\"url\":\"https:\/\/sodegrave.com\/index.php\/contact-us\/\",\"name\":\"Sodegrave- contactez nous\",\"isPartOf\":{\"@id\":\"https:\/\/sodegrave.com\/#website\"},\"datePublished\":\"2015-06-10T08:15:48+00:00\",\"dateModified\":\"2024-10-08T08:56:31+00:00\",\"description\":\"Contact Sodegrave. che du Nid de Verdier 76400 F\\u00e9camp. T\\u00e9l. : 02 35 28 20 78. Fax : 02 35 28 35 01. Mobile : 06 85 06 71 42. Mail : sodegrave@orange.fr ...\",\"breadcrumb\":{\"@id\":\"https:\/\/sodegrave.com\/index.php\/contact-us\/#breadcrumb\"},\"inLanguage\":\"fr-FR\",\"potentialAction\":[{\"@type\":\"ReadAction\",\"target\":[\"https:\/\/sodegrave.com\/index.php\/contact-us\/\"]}]},{\"@type\":\"BreadcrumbList\",\"@id\":\"https:\/\/sodegrave.com\/index.php\/contact-us\/#breadcrumb\",\"itemListElement\":[{\"@type\":\"ListItem\",\"position\":1,\"name\":\"Accueil\",\"item\":\"https:\/\/sodegrave.com\/\"},{\"@type\":\"ListItem\",\"position\":2,\"name\":\"Contact Us\"}]}]}<\/script>\n<!-- \/ Yoast SEO plugin. -->","yoast_head_json":{"description":"Contact Sodegrave. che du Nid de Verdier 76400 F\u00e9camp. T\u00e9l. : 02 35 28 20 78. Fax : 02 35 28 35 01. Mobile : 06 85 06 71 42. Mail : sodegrave@orange.fr ...","robots":{"index":"index","follow":"follow","max-snippet":"max-snippet:-1","max-image-preview":"max-image-preview:large","max-video-preview":"max-video-preview:-1"},"canonical":"https:\/\/sodegrave.com\/index.php\/contact-us\/","og_locale":"fr_FR","og_type":"article","og_title":"Sodegrave- contactez nous","og_description":"Contact Sodegrave. che du Nid de Verdier 76400 F\u00e9camp. T\u00e9l. : 02 35 28 20 78. Fax : 02 35 28 35 01. Mobile : 06 85 06 71 42. Mail : sodegrave@orange.fr ...","og_url":"https:\/\/sodegrave.com\/index.php\/contact-us\/","og_site_name":"Sodegrave sp\u00e9cialiste des granulats, sables et graviers \u00e0 F\u00e9camp","article_modified_time":"2024-10-08T08:56:31+00:00","twitter_card":"summary","twitter_misc":{"Dur\u00e9e de lecture est.":"2 minutes"},"schema":{"@context":"https:\/\/schema.org","@graph":[{"@type":"WebSite","@id":"https:\/\/sodegrave.com\/#website","url":"https:\/\/sodegrave.com\/","name":"Sodegrave sp\u00e9cialiste des granulats, sables et graviers \u00e0 F\u00e9camp","description":"l&#039;entreprise Sodegrave sp\u00e9cialiste des granulats, sables et graviers \u00e0 F\u00e9camp","potentialAction":[{"@type":"SearchAction","target":{"@type":"EntryPoint","urlTemplate":"https:\/\/sodegrave.com\/?s={search_term_string}"},"query-input":"required name=search_term_string"}],"inLanguage":"fr-FR"},{"@type":"WebPage","@id":"https:\/\/sodegrave.com\/index.php\/contact-us\/#webpage","url":"https:\/\/sodegrave.com\/index.php\/contact-us\/","name":"Sodegrave- contactez nous","isPartOf":{"@id":"https:\/\/sodegrave.com\/#website"},"datePublished":"2015-06-10T08:15:48+00:00","dateModified":"2024-10-08T08:56:31+00:00","description":"Contact Sodegrave. che du Nid de Verdier 76400 F\u00e9camp. T\u00e9l. : 02 35 28 20 78. Fax : 02 35 28 35 01. Mobile : 06 85 06 71 42. Mail : sodegrave@orange.fr ...","breadcrumb":{"@id":"https:\/\/sodegrave.com\/index.php\/contact-us\/#breadcrumb"},"inLanguage":"fr-FR","potentialAction":[{"@type":"ReadAction","target":["https:\/\/sodegrave.com\/index.php\/contact-us\/"]}]},{"@type":"BreadcrumbList","@id":"https:\/\/sodegrave.com\/index.php\/contact-us\/#breadcrumb","itemListElement":[{"@type":"ListItem","position":1,"name":"Accueil","item":"https:\/\/sodegrave.com\/"},{"@type":"ListItem","position":2,"name":"Contact Us"}]}]}},"_links":{"self":[{"href":"https:\/\/sodegrave.com\/index.php\/wp-json\/wp\/v2\/pages\/585"}],"collection":[{"href":"https:\/\/sodegrave.com\/index.php\/wp-json\/wp\/v2\/pages"}],"about":[{"href":"https:\/\/sodegrave.com\/index.php\/wp-json\/wp\/v2\/types\/page"}],"author":[{"embeddable":true,"href":"https:\/\/sodegrave.com\/index.php\/wp-json\/wp\/v2\/users\/1"}],"replies":[{"embeddable":true,"href":"https:\/\/sodegrave.com\/index.php\/wp-json\/wp\/v2\/comments?post=585"}],"version-history":[{"count":13,"href":"https:\/\/sodegrave.com\/index.php\/wp-json\/wp\/v2\/pages\/585\/revisions"}],"predecessor-version":[{"id":1577,"href":"https:\/\/sodegrave.com\/index.php\/wp-json\/wp\/v2\/pages\/585\/revisions\/1577"}],"wp:attachment":[{"href":"https:\/\/sodegrave.com\/index.php\/wp-json\/wp\/v2\/media?parent=585"}],"curies":[{"name":"wp","href":"https:\/\/api.w.org\/{rel}","templated":true}]}}