{"id":873,"date":"2015-07-05T02:42:40","date_gmt":"2015-07-05T02:42:40","guid":{"rendered":"http:\/\/wydethemes.com\/flora6\/?page_id=873"},"modified":"2017-04-17T15:52:55","modified_gmt":"2017-04-17T13:52:55","slug":"prestation","status":"publish","type":"page","link":"https:\/\/sodegrave.com\/index.php\/prestation\/","title":{"rendered":"Services"},"content":{"rendered":"<p>[vc_row content_width=\u00a0\u00bb\u00a0\u00bb][vc_column text_align=\u00a0\u00bbcenter\u00a0\u00bb][vc_custom_heading text=\u00a0\u00bbCe que\u00a0\u00bb font_container=\u00a0\u00bbtag:h6|font_size:6vw|text_align:center|color:%23000000&Prime; google_fonts=\u00a0\u00bbfont_family:Dancing%20Script%3Aregular%2Cbold|font_style:700%20bold%3A700%3Anormal\u00a0\u00bb css=\u00a0\u00bb.vc_custom_1470496706130{margin-left: -180px !important;}\u00a0\u00bb animation=\u00a0\u00bbfadeInDown\u00a0\u00bb][vc_custom_heading text=\u00a0\u00bbNOUS FAISONS\u00a0\u00bb font_container=\u00a0\u00bbtag:h6|font_size:5.5vw|text_align:center|color:%2372a1b5|line_height:0&Prime; google_fonts=\u00a0\u00bbfont_family:Arvo%3Aregular%2Citalic%2C700%2C700italic|font_style:700%20bold%20regular%3A700%3Anormal\u00a0\u00bb css=\u00a0\u00bb.vc_custom_1470497090426{margin-left: 13% !important;}\u00a0\u00bb animation=\u00a0\u00bbfadeInRight\u00a0\u00bb][vc_empty_space height=\u00a0\u00bb60px\u00a0\u00bb][vc_custom_heading text=\u00a0\u00bbL&rsquo;entreprise Sodegrave est situ\u00e9e \u00e0 F\u00e9camp dans le d\u00e9partement de la Seine-Maritime et vous offre une large gamme de mat\u00e9riaux de qualit\u00e9 tel que des granulats, sables et graviers. \u00a0\u00bb font_container=\u00a0\u00bbtag:p|font_size:24px|text_align:center|line_height:36px\u00a0\u00bb google_fonts=\u00a0\u00bbfont_family:Lato%3A100%2C100italic%2C300%2C300italic%2Cregular%2Citalic%2C700%2C700italic%2C900%2C900italic|font_style:300%20light%20regular%3A300%3Anormal\u00a0\u00bb][\/vc_column][\/vc_row][vc_row row_style=\u00a0\u00bbfull-width\u00a0\u00bb text_style=\u00a0\u00bblight\u00a0\u00bb vertical_align=\u00a0\u00bbmiddle\u00a0\u00bb padding_size=\u00a0\u00bbno-padding\u00a0\u00bb background_color=\u00a0\u00bb#232323&Prime;][vc_column text_align=\u00a0\u00bbcenter\u00a0\u00bb padding_size=\u00a0\u00bbno-padding\u00a0\u00bb width=\u00a0\u00bb1\/2&Prime;][vc_empty_space height=\u00a0\u00bb10px\u00a0\u00bb][vc_single_image image=\u00a0\u00bb1429&Prime; alignment=\u00a0\u00bbcenter\u00a0\u00bb][vc_empty_space height=\u00a0\u00bb10px\u00a0\u00bb][\/vc_column][vc_column padding_size=\u00a0\u00bbl-padding\u00a0\u00bb width=\u00a0\u00bb1\/2&Prime; css=\u00a0\u00bb.vc_custom_1470497004279{padding-top: 20px !important;padding-bottom: 20px !important;}\u00a0\u00bb][vc_custom_heading text=\u00a0\u00bbVente &amp; location\u00a0\u00bb font_container=\u00a0\u00bbtag:h2|text_align:left|color:%23ffffff\u00a0\u00bb google_fonts=\u00a0\u00bbfont_family:Montserrat%3Aregular%2C700|font_style:700%20bold%20regular%3A700%3Anormal\u00a0\u00bb text_transform=\u00a0\u00bbcapitalize\u00a0\u00bb][wyde_icon_block icon=\u00a0\u00bbflora-icon-zigzag-2&Prime; size=\u00a0\u00bblarge\u00a0\u00bb style=\u00a0\u00bbnone\u00a0\u00bb color=\u00a0\u00bb#72a1b5&Prime;][vc_empty_space][vc_column_text]<\/p>\n<h2>Vente :<\/h2>\n<ul class=\"\">\n<li><q>Gravier<\/q><\/li>\n<li><q>Sable<\/q><\/li>\n<li><q>Granulat<\/q><\/li>\n<li><q>Mat\u00e9riaux de travaux publics<\/q><\/li>\n<\/ul>\n<h2>Location \u00e9quipement avec chauffeur :<\/h2>\n<ul class=\"\">\n<li><q>Camion semi-benne<\/q><\/li>\n<li><q>Camion 6X4<\/q><\/li>\n<\/ul>\n<h2>Client :<\/h2>\n<ul class=\"\">\n<li><q>Particulier<\/q><\/li>\n<li><q>Professionnel<\/q><\/li>\n<\/ul>\n<p>[\/vc_column_text][\/vc_column][\/vc_row][vc_row row_style=\u00a0\u00bbfull-width\u00a0\u00bb vertical_align=\u00a0\u00bbmiddle\u00a0\u00bb padding_size=\u00a0\u00bbno-padding\u00a0\u00bb][vc_column text_align=\u00a0\u00bbcenter\u00a0\u00bb padding_size=\u00a0\u00bbl-padding\u00a0\u00bb css=\u00a0\u00bb.vc_custom_1481034601431{padding-top: 20px !important;padding-bottom: 20px !important;}\u00a0\u00bb][vc_empty_space height=\u00a0\u00bb50px\u00a0\u00bb][vc_row_inner][vc_column_inner width=\u00a0\u00bb1\/2&Prime;][wyde_heading title=\u00a0\u00bb\u00ab LOCATION CONCASSEUR \u00bb\u00a0\u00bb][vc_empty_space height=\u00a0\u00bb43px\u00a0\u00bb][vc_single_image image=\u00a0\u00bb1506&Prime; img_size=\u00a0\u00bbfull-width\u00a0\u00bb alignment=\u00a0\u00bbcenter\u00a0\u00bb][vc_empty_space height=\u00a0\u00bb20px\u00a0\u00bb][wyde_button title=\u00a0\u00bbTarifs nous consulter \u00a0\u00bb size=\u00a0\u00bblarge\u00a0\u00bb link=\u00a0\u00bburl:https%3A%2F%2Fsodegrave.com%2Findex.php%2Fcontact-us%2F||\u00a0\u00bb][\/vc_column_inner][vc_column_inner width=\u00a0\u00bb1\/2&Prime;][wyde_heading title=\u00a0\u00bb\u00ab LOCATION CRIBLEUR \u00bb \u00a0\u00bb sub_title=\u00a0\u00bbMod\u00e8le : PORTAFILL \u00ab\u00a0][vc_empty_space height=\u00a0\u00bb20px\u00a0\u00bb][vc_single_image image=\u00a0\u00bb1486&Prime; img_size=\u00a0\u00bbfull-width\u00a0\u00bb alignment=\u00a0\u00bbcenter\u00a0\u00bb][vc_empty_space height=\u00a0\u00bb20px\u00a0\u00bb][wyde_button title=\u00a0\u00bbTarifs nous consulter \u00a0\u00bb size=\u00a0\u00bblarge\u00a0\u00bb link=\u00a0\u00bburl:https%3A%2F%2Fsodegrave.com%2Findex.php%2Fcontact-us%2F||\u00a0\u00bb][\/vc_column_inner][\/vc_row_inner][vc_empty_space height=\u00a0\u00bb50px\u00a0\u00bb][\/vc_column][\/vc_row][vc_row vertical_align=\u00a0\u00bbmiddle\u00a0\u00bb padding_size=\u00a0\u00bbno-padding\u00a0\u00bb][vc_column padding_size=\u00a0\u00bbl-padding\u00a0\u00bb width=\u00a0\u00bb1\/2&Prime; css=\u00a0\u00bb.vc_custom_1470497149696{padding-top: 20px !important;padding-bottom: 20px !important;}\u00a0\u00bb][vc_custom_heading text=\u00a0\u00bbServices+\u00a0\u00bb google_fonts=\u00a0\u00bbfont_family:Montserrat%3Aregular%2C700|font_style:700%20bold%20regular%3A700%3Anormal\u00a0\u00bb text_transform=\u00a0\u00bbcapitalize\u00a0\u00bb][vc_empty_space height=\u00a0\u00bb10px\u00a0\u00bb][wyde_icon_block icon=\u00a0\u00bbflora-icon-zigzag-2&Prime; size=\u00a0\u00bblarge\u00a0\u00bb style=\u00a0\u00bbnone\u00a0\u00bb color=\u00a0\u00bb#72a1b5&Prime;][vc_empty_space][vc_column_text]<\/p>\n<ul class=\"\">\n<li><q>Conseils personnalis\u00e9s<\/q><\/li>\n<li><q>Devis gratuits<\/q><\/li>\n<li><q>Livraisons<\/q><\/li>\n<li><q>Large choix de produits<\/q><\/li>\n<\/ul>\n<p>[\/vc_column_text][\/vc_column][vc_column text_align=\u00a0\u00bbcenter\u00a0\u00bb padding_size=\u00a0\u00bbno-padding\u00a0\u00bb width=\u00a0\u00bb1\/2&Prime;][vc_single_image image=\u00a0\u00bb1434&Prime; img_size=\u00a0\u00bblarge\u00a0\u00bb alignment=\u00a0\u00bbcenter\u00a0\u00bb][\/vc_column][\/vc_row][vc_row text_style=\u00a0\u00bblight\u00a0\u00bb vertical_align=\u00a0\u00bbmiddle\u00a0\u00bb padding_size=\u00a0\u00bbno-padding\u00a0\u00bb background_color=\u00a0\u00bb#232323&Prime;][vc_column text_align=\u00a0\u00bbright\u00a0\u00bb padding_size=\u00a0\u00bbno-padding\u00a0\u00bb width=\u00a0\u00bb1\/2&Prime;][vc_single_image image=\u00a0\u00bb1447&Prime;][\/vc_column][vc_column padding_size=\u00a0\u00bbl-padding\u00a0\u00bb width=\u00a0\u00bb1\/2&Prime; css=\u00a0\u00bb.vc_custom_1470498071132{padding-top: 20px !important;padding-bottom: 20px !important;}\u00a0\u00bb][vc_custom_heading text=\u00a0\u00bbMoyens de paiement\u00a0\u00bb font_container=\u00a0\u00bbtag:h2|text_align:left|color:%23ffffff\u00a0\u00bb google_fonts=\u00a0\u00bbfont_family:Montserrat%3Aregular%2C700|font_style:700%20bold%20regular%3A700%3Anormal\u00a0\u00bb text_transform=\u00a0\u00bbcapitalize\u00a0\u00bb][vc_empty_space height=\u00a0\u00bb10px\u00a0\u00bb][wyde_icon_block icon=\u00a0\u00bbflora-icon-zigzag-2&Prime; size=\u00a0\u00bblarge\u00a0\u00bb style=\u00a0\u00bbnone\u00a0\u00bb color=\u00a0\u00bb#ffd300&Prime;][vc_empty_space][vc_column_text]<\/p>\n<ul class=\"\">\n<li><q>Ch\u00e8ques bancaires<\/q><\/li>\n<li><q>N&rsquo;accepte pas les cartes bancaires<\/q><\/li>\n<li><q>Esp\u00e8ces<\/q><\/li>\n<li><q>Traites bancaires<\/q><\/li>\n<li><q>Virements bancaires<\/q><\/li>\n<\/ul>\n<p>[\/vc_column_text][\/vc_column][\/vc_row][vc_row row_style=\u00a0\u00bbfull-width\u00a0\u00bb vertical_align=\u00a0\u00bbmiddle\u00a0\u00bb][vc_column padding_size=\u00a0\u00bbl-padding\u00a0\u00bb width=\u00a0\u00bb1\/2&Prime; css=\u00a0\u00bb.vc_custom_1436071839677{padding-top: 20px !important;padding-bottom: 20px !important;}\u00a0\u00bb][vc_custom_heading text=\u00a0\u00bbBesoin de nos services ?\u00a0\u00bb font_container=\u00a0\u00bbtag:h6|font_size:3.5vw|text_align:left|color:%23594b4a\u00a0\u00bb google_fonts=\u00a0\u00bbfont_family:Dancing%20Script%3Aregular%2Cbold|font_style:700%20bold%3A700%3Anormal\u00a0\u00bb css=\u00a0\u00bb.vc_custom_1470497311843{margin-top: -5px !important;}\u00a0\u00bb][vc_empty_space][vc_custom_heading text=\u00a0\u00bbAdresse Sodegrave<\/p>\n<p>che du Nid de Verdier<br \/>\n76400 F\u00e9camp<br \/>\nT\u00e9l. : 02 35 28 20 78<br \/>\nFax : 02 35 28 35 01<br \/>\nMobile : 06 85 06 71 42<\/p>\n<p>Mail : sodegrave@orange.fr<br \/>\nMoyens d&rsquo;acc\u00e8s<br \/>\nAcc\u00e8s facilit\u00e9s aux personnes \u00e0 mobilit\u00e9 r\u00e9duite \u00a0\u00bb font_container=\u00a0\u00bbtag:p|font_size:24px|text_align:left|line_height:36px\u00a0\u00bb google_fonts=\u00a0\u00bbfont_family:Lato%3A100%2C100italic%2C300%2C300italic%2Cregular%2Citalic%2C700%2C700italic%2C900%2C900italic|font_style:300%20light%20regular%3A300%3Anormal\u00a0\u00bb][wyde_button title=\u00a0\u00bbContactez nous maintenant\u00a0\u00bb style=\u00a0\u00bbround\u00a0\u00bb size=\u00a0\u00bblarge\u00a0\u00bb color=\u00a0\u00bb#000000&Prime; bg_color=\u00a0\u00bb#72a1b5&Prime; animation=\u00a0\u00bbbounceInUp\u00a0\u00bb link=\u00a0\u00bburl:https%3A%2F%2Fsodegrave.com%2Findex.php%2Fcontact-us%2F||target:%20_blank\u00a0\u00bb][\/vc_column][vc_column width=\u00a0\u00bb1\/2&Prime;][vc_single_image image=\u00a0\u00bb1438&Prime; alignment=\u00a0\u00bbright\u00a0\u00bb animation=\u00a0\u00bbfadeInRight\u00a0\u00bb][\/vc_column][\/vc_row]<\/p>\n","protected":false},"excerpt":{"rendered":"<p>[vc_row content_width=\u00a0\u00bb\u00a0\u00bb][vc_column text_align=\u00a0\u00bbcenter\u00a0\u00bb][vc_custom_heading text=\u00a0\u00bbCe que\u00a0\u00bb font_container=\u00a0\u00bbtag:h6|font_size:6vw|text_align:center|color:%23000000&Prime; google_fonts=\u00a0\u00bbfont_family:Dancing%20Script%3Aregular%2Cbold|font_style:700%20bold%3A700%3Anormal\u00a0\u00bb css=\u00a0\u00bb.vc_custom_1470496706130{margin-left: -180px !important;}\u00a0\u00bb animation=\u00a0\u00bbfadeInDown\u00a0\u00bb][vc_custom_heading text=\u00a0\u00bbNOUS FAISONS\u00a0\u00bb font_container=\u00a0\u00bbtag:h6|font_size:5.5vw|text_align:center|color:%2372a1b5|line_height:0&Prime; google_fonts=\u00a0\u00bbfont_family:Arvo%3Aregular%2Citalic%2C700%2C700italic|font_style:700%20bold%20regular%3A700%3Anormal\u00a0\u00bb css=\u00a0\u00bb.vc_custom_1470497090426{margin-left: 13% !important;}\u00a0\u00bb animation=\u00a0\u00bbfadeInRight\u00a0\u00bb][vc_empty_space height=\u00a0\u00bb60px\u00a0\u00bb][vc_custom_heading text=\u00a0\u00bbL&rsquo;entreprise Sodegrave est situ\u00e9e \u00e0 F\u00e9camp dans le d\u00e9partement de la Seine-Maritime et vous offre une large gamme de mat\u00e9riaux de qualit\u00e9 tel que des granulats, sables et graviers. \u00a0\u00bb font_container=\u00a0\u00bbtag:p|font_size:24px|text_align:center|line_height:36px\u00a0\u00bb google_fonts=\u00a0\u00bbfont_family:Lato%3A100%2C100italic%2C300%2C300italic%2Cregular%2Citalic%2C700%2C700italic%2C900%2C900italic|font_style:300%20light%20regular%3A300%3Anormal\u00a0\u00bb][\/vc_column][\/vc_row][vc_row row_style=\u00a0\u00bbfull-width\u00a0\u00bb text_style=\u00a0\u00bblight\u00a0\u00bb vertical_align=\u00a0\u00bbmiddle\u00a0\u00bb [&hellip;]<\/p>\n","protected":false},"author":1,"featured_media":0,"parent":0,"menu_order":0,"comment_status":"open","ping_status":"open","template":"","meta":[],"yoast_head":"<!-- This site is optimized with the Yoast SEO plugin v17.1 - https:\/\/yoast.com\/wordpress\/plugins\/seo\/ -->\n<meta name=\"description\" content=\"L&#039;entreprise Sodegrave est situ\u00e9e \u00e0 F\u00e9camp dans le d\u00e9partement de la Seine-Maritime et vous offre une large gamme de mat\u00e9riaux de qualit\u00e9.\" \/>\n<meta name=\"robots\" content=\"index, follow, max-snippet:-1, max-image-preview:large, max-video-preview:-1\" \/>\n<link rel=\"canonical\" href=\"https:\/\/sodegrave.com\/index.php\/prestation\/\" \/>\n<meta property=\"og:locale\" content=\"fr_FR\" \/>\n<meta property=\"og:type\" content=\"article\" \/>\n<meta property=\"og:title\" content=\"Nos prestatations par Sodegrave - Sable &amp; granulat\" \/>\n<meta property=\"og:description\" content=\"L&#039;entreprise Sodegrave est situ\u00e9e \u00e0 F\u00e9camp dans le d\u00e9partement de la Seine-Maritime et vous offre une large gamme de mat\u00e9riaux de qualit\u00e9.\" \/>\n<meta property=\"og:url\" content=\"https:\/\/sodegrave.com\/index.php\/prestation\/\" \/>\n<meta property=\"og:site_name\" content=\"Sodegrave sp\u00e9cialiste des granulats, sables et graviers \u00e0 F\u00e9camp\" \/>\n<meta property=\"article:modified_time\" content=\"2017-04-17T13:52:55+00:00\" \/>\n<meta name=\"twitter:card\" content=\"summary\" \/>\n<meta name=\"twitter:label1\" content=\"Dur\u00e9e de lecture est.\" \/>\n\t<meta name=\"twitter:data1\" content=\"4 minutes\" \/>\n<script type=\"application\/ld+json\" class=\"yoast-schema-graph\">{\"@context\":\"https:\/\/schema.org\",\"@graph\":[{\"@type\":\"WebSite\",\"@id\":\"https:\/\/sodegrave.com\/#website\",\"url\":\"https:\/\/sodegrave.com\/\",\"name\":\"Sodegrave sp\\u00e9cialiste des granulats, sables et graviers \\u00e0 F\\u00e9camp\",\"description\":\"l&#039;entreprise Sodegrave sp\\u00e9cialiste des granulats, sables et graviers \\u00e0 F\\u00e9camp\",\"potentialAction\":[{\"@type\":\"SearchAction\",\"target\":{\"@type\":\"EntryPoint\",\"urlTemplate\":\"https:\/\/sodegrave.com\/?s={search_term_string}\"},\"query-input\":\"required name=search_term_string\"}],\"inLanguage\":\"fr-FR\"},{\"@type\":\"WebPage\",\"@id\":\"https:\/\/sodegrave.com\/index.php\/prestation\/#webpage\",\"url\":\"https:\/\/sodegrave.com\/index.php\/prestation\/\",\"name\":\"Nos prestatations par Sodegrave - Sable & granulat\",\"isPartOf\":{\"@id\":\"https:\/\/sodegrave.com\/#website\"},\"datePublished\":\"2015-07-05T02:42:40+00:00\",\"dateModified\":\"2017-04-17T13:52:55+00:00\",\"description\":\"L'entreprise Sodegrave est situ\\u00e9e \\u00e0 F\\u00e9camp dans le d\\u00e9partement de la Seine-Maritime et vous offre une large gamme de mat\\u00e9riaux de qualit\\u00e9.\",\"breadcrumb\":{\"@id\":\"https:\/\/sodegrave.com\/index.php\/prestation\/#breadcrumb\"},\"inLanguage\":\"fr-FR\",\"potentialAction\":[{\"@type\":\"ReadAction\",\"target\":[\"https:\/\/sodegrave.com\/index.php\/prestation\/\"]}]},{\"@type\":\"BreadcrumbList\",\"@id\":\"https:\/\/sodegrave.com\/index.php\/prestation\/#breadcrumb\",\"itemListElement\":[{\"@type\":\"ListItem\",\"position\":1,\"name\":\"Accueil\",\"item\":\"https:\/\/sodegrave.com\/\"},{\"@type\":\"ListItem\",\"position\":2,\"name\":\"Services\"}]}]}<\/script>\n<!-- \/ Yoast SEO plugin. -->","yoast_head_json":{"description":"L'entreprise Sodegrave est situ\u00e9e \u00e0 F\u00e9camp dans le d\u00e9partement de la Seine-Maritime et vous offre une large gamme de mat\u00e9riaux de qualit\u00e9.","robots":{"index":"index","follow":"follow","max-snippet":"max-snippet:-1","max-image-preview":"max-image-preview:large","max-video-preview":"max-video-preview:-1"},"canonical":"https:\/\/sodegrave.com\/index.php\/prestation\/","og_locale":"fr_FR","og_type":"article","og_title":"Nos prestatations par Sodegrave - Sable & granulat","og_description":"L'entreprise Sodegrave est situ\u00e9e \u00e0 F\u00e9camp dans le d\u00e9partement de la Seine-Maritime et vous offre une large gamme de mat\u00e9riaux de qualit\u00e9.","og_url":"https:\/\/sodegrave.com\/index.php\/prestation\/","og_site_name":"Sodegrave sp\u00e9cialiste des granulats, sables et graviers \u00e0 F\u00e9camp","article_modified_time":"2017-04-17T13:52:55+00:00","twitter_card":"summary","twitter_misc":{"Dur\u00e9e de lecture est.":"4 minutes"},"schema":{"@context":"https:\/\/schema.org","@graph":[{"@type":"WebSite","@id":"https:\/\/sodegrave.com\/#website","url":"https:\/\/sodegrave.com\/","name":"Sodegrave sp\u00e9cialiste des granulats, sables et graviers \u00e0 F\u00e9camp","description":"l&#039;entreprise Sodegrave sp\u00e9cialiste des granulats, sables et graviers \u00e0 F\u00e9camp","potentialAction":[{"@type":"SearchAction","target":{"@type":"EntryPoint","urlTemplate":"https:\/\/sodegrave.com\/?s={search_term_string}"},"query-input":"required name=search_term_string"}],"inLanguage":"fr-FR"},{"@type":"WebPage","@id":"https:\/\/sodegrave.com\/index.php\/prestation\/#webpage","url":"https:\/\/sodegrave.com\/index.php\/prestation\/","name":"Nos prestatations par Sodegrave - Sable & granulat","isPartOf":{"@id":"https:\/\/sodegrave.com\/#website"},"datePublished":"2015-07-05T02:42:40+00:00","dateModified":"2017-04-17T13:52:55+00:00","description":"L'entreprise Sodegrave est situ\u00e9e \u00e0 F\u00e9camp dans le d\u00e9partement de la Seine-Maritime et vous offre une large gamme de mat\u00e9riaux de qualit\u00e9.","breadcrumb":{"@id":"https:\/\/sodegrave.com\/index.php\/prestation\/#breadcrumb"},"inLanguage":"fr-FR","potentialAction":[{"@type":"ReadAction","target":["https:\/\/sodegrave.com\/index.php\/prestation\/"]}]},{"@type":"BreadcrumbList","@id":"https:\/\/sodegrave.com\/index.php\/prestation\/#breadcrumb","itemListElement":[{"@type":"ListItem","position":1,"name":"Accueil","item":"https:\/\/sodegrave.com\/"},{"@type":"ListItem","position":2,"name":"Services"}]}]}},"_links":{"self":[{"href":"https:\/\/sodegrave.com\/index.php\/wp-json\/wp\/v2\/pages\/873"}],"collection":[{"href":"https:\/\/sodegrave.com\/index.php\/wp-json\/wp\/v2\/pages"}],"about":[{"href":"https:\/\/sodegrave.com\/index.php\/wp-json\/wp\/v2\/types\/page"}],"author":[{"embeddable":true,"href":"https:\/\/sodegrave.com\/index.php\/wp-json\/wp\/v2\/users\/1"}],"replies":[{"embeddable":true,"href":"https:\/\/sodegrave.com\/index.php\/wp-json\/wp\/v2\/comments?post=873"}],"version-history":[{"count":34,"href":"https:\/\/sodegrave.com\/index.php\/wp-json\/wp\/v2\/pages\/873\/revisions"}],"predecessor-version":[{"id":1570,"href":"https:\/\/sodegrave.com\/index.php\/wp-json\/wp\/v2\/pages\/873\/revisions\/1570"}],"wp:attachment":[{"href":"https:\/\/sodegrave.com\/index.php\/wp-json\/wp\/v2\/media?parent=873"}],"curies":[{"name":"wp","href":"https:\/\/api.w.org\/{rel}","templated":true}]}}